hat is the remainder when 165316 is divided by 41?
4
What is the remainder when 1700 is divided by 83?
40
What is the remainder when 18099 is divided by 9?
0
Calculate the remainder when 40812 is divided by 356.
228
Calculate the remainder when 396775 is divided by 20.
15
What is the remainder when 168 is divided by 51?
15
Calculate the remainder when 515 is divided by 218.
79
Calculate the remainder when 9642 is divided by 4.
2
What is the remainder when 1919 is divided by 88?
71
Calculate the remainder when 8288 is divided by 1730.
1368
What is the remainder when 25459 is divided by 64?
51
What is the remainder when 1585 is divided by 344?
209
What is the remainder when 506881 is divided by 126718?
9
What is the remainder when 22798 is divided by 228?
226
Calculate the remainder when 16826 is divided by 237.
236
Calculate the remainder when 61739 is divided by 90.
89
Calculate the remainder when 116986 is divided by 2544.
2506
What is the remainder when 10792 is divided by 149?
64
What is the remainder when 82144 is divided by 162?
10
What is the remainder when 150762 is divided by 69?
66
What is the remainder when 49172 is divided by 20?
12
What is the remainder when 7255 is divided by 2401?
52
What is the remainder when 3726 is divided by 138?
0
What is the remainder when 2289 is divided by 1029?
231
What is the remainder when 3615 is divided by 7?
3
What is the remainder when 26295 is divided by 2?
1
What is the remainder when 6574 is divided by 75?
49
What is the remainder when 215251 is divided by 9?
7
Calculate the remainder when 1968 is divided by 55.
43
Calculate the remainder when 5277 is divided by 110.
107
What is the remainder when 419298 is divided by 104797?
110
What is the remainder when 15777 is divided by 7814?
149
Calculate the remainder when 191999 is divided by 44.
27
What is the remainder when 180956 is divided by 754?
750
What is the remainder when 28626 is divided by 66?
48
What is the remainder when 25315 is divided by 27?
16
What is the remainder when 393101 is divided by 98273?
9
Calculate the remainder when 64147 is divided by 32071.
5
What is the remainder when 225064 is divided by 660?
4
Calculate the remainder when 2968 is divided by 943.
139
Calculate the remainder when 7402 is divided by 126.
94
Calculate the remainder when 3605 is divided by 44.
41
What is the remainder when 30922 is divided by 2664?
1618
What is the remainder when 7522 is divided by 3603?
316
Calculate the remainder when 64107 is divided by 63.
36
What is the remainder when 2916 is divided by 25?
16
Calculate the remainder when 1441 is divided by 427.
160
Calculate the remainder when 103229 is divided by 45.
44
What is the remainder when 1331 is divided by 226?
201
Calculate the remainder when 1858455 is divided by 8.
7
What is the remainder when 371688 is divided by 6?
0
What is the remainder when 477 is divided by 272?
205
Calculate the remainder when 2414 is divided by 117.
74
What is the remainder when 7190 is divided by 902?
876
What is the remainder when 179450 is divided by 91?
89
Calculate the remainder when 291358 is divided by 160.
158
What is the remainder when 15818 is divided by 195?
23
Calculate the remainder when 12082 is divided by 281.
280
Calculate the remainder when 16610 is divided by 94.
66
Calculate the remainder when 22398 is divided by 1855.
138
What is the remainder when 11131 is divided by 5534?
63
What is the remainder when 39725 is divided by 318?
293
Calculate the remainder when 2454 is divided by 951.
552
Calculate the remainder when 747 is divided by 732.
15
What is the remainder when 125513 is divided by 239?
38
Calculate the remainder when 5562 is divided by 2765.
32
Calculate the remainder when 772 is divided by 102.
58
Calculate the remainder when 19097 is divided by 19097.
0
Calculate the remainder when 1140 is divided by 373.
21
Calculate the remainder when 3162 is divided by 264.
258
What is the remainder when 3835 is divided by 407?
172
What is the remainder when 3798 is divided by 271?
4
Calculate the remainder when 1634 is divided by 1547.
87
What is the remainder when 1056 is divided by 124?
64
What is the remainder when 554 is divided by 132?
26
Calculate the remainder when 46124 is divided by 174.
14
Calculate the remainder when 29493 is divided by 440.
13
What is the remainder when 6964 is divided by 304?
276
Calculate the remainder when 14514 is divided by 796.
186
Calculate the remainder when 303 is divided by 173.
130
Calculate the remainder when 3450 is divided by 382.
12
What is the remainder when 366 is divided by 32?
14
Calculate the remainder when 12918 is divided by 70.
38
Calculate the remainder when 31325 is divided by 36.
5
What is the remainder when 123688 is divided by 127?
117
Calculate the remainder when 941 is divided by 198.
149
Calculate the remainder when 349167 is divided by 8.
7
Calculate the remainder when 16625 is divided by 3325.
0
Calculate the remainder when 27106 is divided by 9018.
52
What is the remainder when 1322 is divided by 1284?
38
Calculate the remainder when 9383 is divided by 371.
108
What is the remainder when 1734 is divided by 124?
122
Calculate the remainder when 10008 is divided by 122.
4
Calculate the remainder when 2292 is divided by 611.
459
What is the remainder when 357390 is divided by 174?
168
What is the remainder when 445 is divided by 177?
91
What is the remainder when 669087 is divided by 56?
55
What is the remainder when 558 is divided by 515?
43
Calculate the remainder when 106648 is divided by 50.
48
What is the remainder when 6874 is divided by 121?
98
Calculate the remainder when 2508 is divided by 836.
0
Calculate the remainder when 85422 is divided by 108.
102
What is the remainder when 67130 is divided by 274?
0
Calculate the remainder when 57235 is divided by 1004.
7
Calculate the remainder when 7752 is divided by 7591.
161
What is the remainder when 136156 is divided by 445?
431
Calculate the remainder when 22399 is divided by 400.
399
Calculate the remainder when 114341 is divided by 45.
41
What is the remainder when 788509 is divided by 51?
49
What is the remainder when 35632 is divided by 73?
8
What is the remainder when 137777 is divided by 45896?
89
Calculate the remainder when 49760 is divided by 351.
269
What is the remainder when 4410844 is divided by 99?
97
Calculate the remainder when 385 is divided by 88.
33
Calculate the remainder when 15361 is divided by 1288.
1193
Calculate the remainder when 165892 is divided by 712.
708
Calculate the remainder when 1549 is divided by 61.
24
Calculate the remainder when 16991 is divided by 482.
121
Calculate the remainder when 100107 is divided by 16683.
9
Calculate the remainder when 8771 is divided by 23.
8
Calculate the remainder when 160874 is divided by 148.
146
Calculate the remainder when 49805 is divided by 422.
9
What is the remainder when 444089 is divided by 45?
29
Calculate the remainder when 2425 is divided by 18.
13
Calculate the remainder when 155444 is divided by 1586.
16
Calculate the remainder when 42362 is divided by 21158.
46
What is the remainder when 261246 is divided by 208?
206
Calculate the remainder when 5939 is divided by 978.
71
Calculate the remainder when 353752 is divided by 110.
102
What is the remainder when 9023 is divided by 32?
31
What is the remainder when 255089 is divided by 1209?
1199
What is the remainder when 698077 is divided by 349033?
11
What is the remainder when 109272 is divided by 775?
772
Calculate the remainder when 4086 is divided by 21.
12
What is the remainder when 44581 is divided by 136?
109
What is the remainder when 16110 is divided by 106?
104
Calculate the remainder when 23963 is divided by 520.
43
Calculate the remainder when 7074 is divided by 321.
12
What is the remainder when 1786 is divided by 197?
13
Calculate the remainder when 38716 is divided by 315.
286
What is the remainder when 6074 is divided by 35?
19
Calculate the remainder when 147666 is divided by 73822.
22
What is the remainder when 9981 is divided by 128?
125
What is the remainder when 3485 is divided by 2932?
553
What is the remainder when 123678 is divided by 773?
771
What is the remainder when 837765 is divided by 20433?
12
Calculate the remainder wh